the remainder when 154109 is divided by 26.
7
Calculate the remainder when 7382647 is divided by 105.
97
What is the remainder when 64846 is divided by 1805?
1671
What is the remainder when 292899903 is divided by 47?
39
What is the remainder when 464004 is divided by 231990?
24
Calculate the remainder when 643431 is divided by 650.
581
What is the remainder when 199395 is divided by 2383?
1606
What is the remainder when 133118 is divided by 2893?
40
What is the remainder when 12006160 is divided by 18?
16
Calculate the remainder when 2934253 is divided by 1466851.
551
Calculate the remainder when 243045 is divided by 16505.
11975
What is the remainder when 302586 is divided by 268?
14
Calculate the remainder when 257759 is divided by 377.
268
Calculate the remainder when 77174 is divided by 32.
22
What is the remainder when 89469 is divided by 44716?
37
What is the remainder when 13015642 is divided by 4338537?
31
Calculate the remainder when 11866175 is divided by 144.
143
What is the remainder when 14240 is divided by 43?
7
What is the remainder when 394274 is divided by 585?
569
What is the remainder when 748135 is divided by 42?
31
Calculate the remainder when 276483 is divided by 88.
75
Calculate the remainder when 320815 is divided by 106854.
253
What is the remainder when 8269550 is divided by 206?
92
Calculate the remainder when 1099853 is divided by 366609.
26
What is the remainder when 3830806 is divided by 130?
96
What is the remainder when 10388672 is divided by 9?
8
Calculate the remainder when 872336 is divided by 2908.
2844
Calculate the remainder when 220824 is divided by 52.
32
Calculate the remainder when 36505 is divided by 4851.
2548
What is the remainder when 377586 is divided by 795?
756
What is the remainder when 3948422 is divided by 38?
32
What is the remainder when 24287906 is divided by 850?
6
Calculate the remainder when 18500141 is divided by 2907.
2900
What is the remainder when 87551265 is divided by 7295938?
9
What is the remainder when 13180759 is divided by 122?
1
Calculate the remainder when 101498705 is divided by 33832881.
62
What is the remainder when 25673 is divided by 8325?
698
What is the remainder when 2244828 is divided by 228?
168
What is the remainder when 11585797 is divided by 850?
297
Calculate the remainder when 61497 is divided by 25.
22
Calculate the remainder when 198282 is divided by 2640.
282
What is the remainder when 66996 is divided by 11159?
42
Calculate the remainder when 56121378 is divided by 644.
642
Calculate the remainder when 75836 is divided by 5565.
3491
Calculate the remainder when 1021767 is divided by 31930.
7
What is the remainder when 4714249 is divided by 539?
155
Calculate the remainder when 1217 is divided by 1074.
143
What is the remainder when 738776 is divided by 369381?
14
What is the remainder when 20301 is divided by 9725?
851
Calculate the remainder when 7385 is divided by 2346.
347
What is the remainder when 1829139 is divided by 853?
307
Calculate the remainder when 16031832 is divided by 421890.
12
What is the remainder when 28626 is divided by 1099?
52
What is the remainder when 8501359 is divided by 219?
217
What is the remainder when 18892103 is divided by 1047?
35
What is the remainder when 526524 is divided by 800?
124
What is the remainder when 27705794 is divided by 123?
44
What is the remainder when 1768982 is divided by 21311?
169
Calculate the remainder when 21029482 is divided by 5257369.
6
What is the remainder when 4372956 is divided by 15730?
16
Calculate the remainder when 3517228 is divided by 319748.
0
What is the remainder when 25714564 is divided by 559012?
12
Calculate the remainder when 4657229 is divided by 776191.
83
What is the remainder when 390387 is divided by 277?
94
What is the remainder when 16620007 is divided by 1103?
3
What is the remainder when 23306 is divided by 11502?
302
What is the remainder when 581946 is divided by 193982?
0
What is the remainder when 2133178 is divided by 6274?
18
What is the remainder when 381132 is divided by 301?
66
What is the remainder when 4726962 is divided by 4451?
0
Calculate the remainder when 4769885 is divided by 24.
5
Calculate the remainder when 22835456 is divided by 3033.
3032
Calculate the remainder when 2263437 is divided by 754474.
15
Calculate the remainder when 118639824 is divided by 339.
333
Calculate the remainder when 16264149 is divided by 1321.
1318
Calculate the remainder when 1842831 is divided by 1298.
969
What is the remainder when 486519 is divided by 42?
33
What is the remainder when 5108978 is divided by 166?
162
What is the remainder when 8645 is divided by 8626?
19
Calculate the remainder when 321420 is divided by 321320.
100
What is the remainder when 2074286 is divided by 130?
6
What is the remainder when 58293490 is divided by 2201?
5
Calculate the remainder when 35787082 is divided by 17893539.
4
Calculate the remainder when 27550 is divided by 8393.
2371
Calculate the remainder when 186146 is divided by 2361.
1988
What is the remainder when 1386930 is divided by 67?
30
What is the remainder when 6464385 is divided by 3232165?
55
Calculate the remainder when 74640 is divided by 14926.
10
Calculate the remainder when 191576 is divided by 4555.
266
Calculate the remainder when 6138217 is divided by 24358.
1
What is the remainder when 4005788 is divided by 224?
220
What is the remainder when 188965 is divided by 537?
478
Calculate the remainder when 225650 is divided by 225540.
110
What is the remainder when 121071 is divided by 10701?
3360
Calculate the remainder when 753957 is divided by 57990.
87
What is the remainder when 68754 is divided by 8430?
1314
What is the remainder when 29304 is divided by 5531?
1649
What is the remainder when 34096431 is divided by 2155?
21
What is the remainder when 1766192 is divided by 252271?
295
Calculate the remainder when 78327 is divided by 12636.
2511
What is the remainder when 7912277 is divided by 134106?
23
What is the remainder when 30253636 is divided by 319?
314
What is the remainder when 14801904 is divided by 308373?
0
What is the remainder when 547536 is divided by 525?
486
What is the remainder when 162131 is divided by 2?
1
What is the remainder when 10349247 is divided by 10349236?
11
What is the remainder when 16485972 is divided by 8?
4
Calculate the remainder when 59337 is divided by 1996.
1453
Calculate the remainder when 311749 is divided by 154710.
2329
What is the remainder when 902138173 is divided by 16?
13
Calculate the remainder when 2347926 is divided by 2005.
71
Calculate the remainder when 155997 is divided by 48548.
10353
Calculate the remainder when 1559440 is divided by 2191.
1639
What is the remainder when 147969 is divided by 9230?
289
Calculate the remainder when 31846686 is divided by 137270.
46
What is the remainder when 36137220 is divided by 18068608?
4
Calculate the remainder when 2535395 is divided by 1267601.
193
What is the remainder when 3726340 is divided by 338757?
13
Calculate the remainder when 13188168 is divided by 764.
0
What is the remainder when 8528211 is divided by 22?
21
Calculate the remainder when 384136 is divided by 518.
298
What is the remainder when 22925227 is divided by 153?
13
Calculate the remainder when 174177 is divided by 34405.
2152
What is the remainder when 76766 is divided by 541?
485
What is the remainder when 2584940 is divided by 2515?
2035
What is the remainder when 381106424 is divided by 127?
125
Calculate the remainder when 3569913 is divided by 570.
3
Calculate the remainder when 15269 is divided by 1529.
1508
What is the remainder when 14828064 is divided by 1208?
1072
Calculate the remainder when 224101 is divided by 24882.
163
Calculate the remainder when 1170026 is divided by 580.
166
Calculate the remainder when 100212049 is divided by 29.
26
What is the remainder when 431026 is divided by 141?
130
Calculate the remainder when 104999 is divided by 4770.
59
Calculate the remainder when 472770 is divided by 2582.
264
What is the remainder when 9170286 is divided by 1513?
1506
Calculate the remainder when 17767707 is divided by 1366743.
48
Calculate the remainder when 146286 is divided by 1330.
1316
What is the remainder when 10967101 is div